).
12
Let a = -143/2 + 72. Let w(u) be the first derivative of 2 + a*u**2 + u. Determine w(1).
2
Let p(k) = -2*k**3 + 17*k**2 - 12*k + 17. Let w(d) = d**3 - 8*d**2 + 6*d - 8. Let h(c) = 4*p(c) + 9*w(c). Calculate h(4).
20
Let p(t) = -t**2 - t + 1. Let c(j) = -j**2 - 3*j**2 - 2 + 4*j**2 + 4*j**2 - j. Let d(w) = c(w) + 3*p(w). Give d(3).
-2
Let j be ((-34)/51)/((-2)/(-30)). Let z(g) = -g - 8. Determine z(j).
2
Let v = -1 - 0. Let t(w) = -3*w. Let b(i) = 2*i. Let h be 0 + (-3 - -2) + 7. Let d(g) = h*t(g) + 5*b(g). What is d(v)?
8
Let a(i) be the third derivative of -i**6/120 + i**5/12 + 5*i**4/24 - i**3/2 + 5*i**2. What is a(6)?
-9
Let w(d) = 2*d**2 - 2*d + 1. Let r(p) = -p**2 - 8*p - 9. Let l be r(-7). What is w(l)?
13
Suppose -4*p + 3*p = -4. Let k = p - 2. Let x(d) = -7*d**3 + 8*d**2 - 2*d + 6. Let u(f) = -f**3 + f**2 + 1. Let q(y) = 6*u(y) - x(y). Give q(k).
4
Let n(v) = -v**2 - v + 2. Let l be n(0). Let m(d) = -4 - 5*d + d + 3*d**l - 2*d**2. Let i be -2 - 0 - (-7 + 1). Give m(i).
-4
Let l(t) = -t**3 - 2*t**2 + t + 1. Let a be l(-3). Let s(i) = -i + 2*i - 4 - a + 1. What is s(6)?
-4
Let b be 188/36 + (-2)/9. Let z(x) = -1 + b*x - 5*x + 6*x. What is z(-2)?
-13
Let q(f) = 3*f**2 + f + 1. Let w(n) = n**2 - n - 1. Let v(u) = q(u) - 4*w(u). Let c(m) be the first derivative of v(m). Determine c(4).
-3
Let n(w) = -3*w - 1. Let z(p) = p**2 - 5*p - 11. Let i be z(7). Give n(i).
-10
Let s = 204 + -195. Let l(o) = -2*o + 11. Calculate l(s).
-7
Let n(y) = 13 - 13 + 2 + 1 + y. What is n(-8)?
-5
Let m(h) = -5*h - 12. Let b(j) = -11*j - 26. Let f(k) = -6*b(k) + 13*m(k). What is f(-1)?
-1
Let l(r) = 2*r + 1. Let u(o) = -3*o - 1. Let g(j) = -3*l(j) - 4*u(j). Give g(1).
7
Suppose -5*m - 9 = -2*x - 27, -2*x - 12 = -2*m. Let j(d) = 7*d + 4. Let a(c) = -4*c - 2. Let o(s) = -5*a(s) - 3*j(s). Give o(x).
2
Suppose 5*b = -5*z, 4*z + 4 = 2*b + 2*z. Let k(i) = 5 - i**2 + 3 - b - 1 + 2*i. Give k(5).
-9
Suppose -25 = 5*t, 0 = -l + 5*l - 4*t - 40. Let h(m) = -l*m**3 + m**2 - 3 + 3*m**3 + 3*m**3. Calculate h(0).
-3
Let u(c) = -c**3 - 12*c**2 + c + 15. Let x be u(-12). Suppose 20 = x*q + q. Let y(i) = i**2 - 5*i + 7. Calculate y(q).
7
Let k(l) be the third derivative of l**6/120 - l**5/20 - 5*l**4/24 + 5*l**3/6 + l**2. Suppose 5*y - 10 = 10. Determine k(y).
1
Let c(v) = -v**2 - v - 2. Suppose -3*k = -4 - 2. Give c(k).
-8
Suppose 3*f + 22 = 7. Let r(u) = 2*u + 6. Give r(f).
-4
Let m(p) = 2 + 4*p + p + p - p**2 - 3*p. Let f be 2/(-4) + (-44)/(-8). What is m(f)?
-8
Let a(x) = 4*x + 2. Let h be a(1). Let n(c) be the third derivative of -1/2*c**3 + c**2 + 0 + 0*c + 1/120*c**h + 0*c**4 + 0*c**5. Determine n(0).
-3
Let h(n) be the third derivative of n**6/120 - 7*n**5/60 + 7*n**4/24 - 5*n**3/6 - 7*n**2. Calculate h(6).
1
Let i(o) be the second derivative of -1/6*o**4 + 3*o - 1/3*o**3 + 0 - 11/20*o**5 - 1/2*o**2. What is i(-1)?
10
Let u = -2 + -3. Let j(l) = -l + 4. Let k(d) = d - 5. Let v(n) = 3*j(n) + 2*k(n). What is v(u)?
7
Let z(k) = -k**2 + 4*k. Suppose 0*a - 2*a = 4*h + 124, 3*h - 3*a = -102. Let p = -23 - h. Let f = p + -4. What is z(f)?
-5
Let i(a) = a**2 + 15*a + 4. Let y(v) = 2*v**2 + 29*v + 9. Let h(k) = -11*i(k) + 6*y(k). What is h(-7)?
-4
Suppose 0 = -n + 6*n. Let p(z) = n + 3 - 3*z**2 - 5*z + 2*z**2. Let y = 99 + -105. What is p(y)?
-3
Let s be 12/3 - -7 - 0/2. Let f(y) = -y + 6. Determine f(s).
-5
Let u = 208 + -213. Let p(f) = 7 + 2*f**2 - 4 + 7*f - f**2. Give p(u).
-7
Let q(m) = -4*m**2 + 5*m + 1. Let l(n) = -7*n**2 + 11*n + 2. Let f(r) = -3*l(r) + 5*q(r). What is f(7)?
-8
Let h = -6 + 10. Suppose h*x = -x - 25. Let s(b) = -5*b + b**3 + 0 + 4 + 4*b**2 + 0*b. Give s(x).
4
Let k = -17 - -24. Suppose k - 22 = -3*y. Let n(c) = -c + 7. Calculate n(y).
2
Let z(u) = -u**2 + 5*u - 3. Let b(i) = -i**3 + 10*i**2 - 9*i + 1. Let d be b(9). Suppose -2*l - 3*k = -d, l + k - 14 = 4*k. Let o = -1 + l. Calculate z(o).
1
Let b be (-35)/10*12/(-21). Let x(r) = 2*r**3 - 3*r**2 + r - 2. Calculate x(b).
4
Let n(w) = 13*w**2 - 11*w + 1. Suppose 2*q = 4*v - 40, -4*q - 13 - 1 = -2*v. Let t(c) = -7*c**2 + 6*c - 1. Let l(p) = v*t(p) + 6*n(p). Calculate l(-4).
11
Let q be 3 + 2 + 1/(-1). Suppose -s + 11 = 2*i, 2*s - q*i = s - 7. Let a(n) = -n**2 + 6*n - 5. What is a(s)?
0
Suppose 3*i + 5*r = -2*i + 35, 0 = 5*i + 3*r - 31. Let z(d) = 5*d**2 + i*d - 4*d**2 + 6 - 12. Calculate z(-5).
-6
Let r(j) = -3*j - 5. Let n(a) = 4*a + 6. Let u(b) = 4*n(b) + 5*r(b). Give u(-5).
-6
Let q be -1*(7 + (-12)/4). Let x(y) be the third derivative of 0*y**3 - 1/12*y**5 - 1/120*y**6 + 2*y**2 - 5/24*y**4 + 0*y + 0. What is x(q)?
4
Let q be 0 + 0*2/4. Let y(i) = -i**3 - i**2 + i + 15. Calculate y(q).
15
Let a(v) be the second derivative of -7*v**4/12 + v**2/2 - v. Let o be (-46)/(-12) + 2/12. Suppose -o = -i - 2, -4 = -4*c - 4*i. Determine a(c).
-6
Let y(v) = v**3 - 6*v**2 + 2*v - 6. Let i(m) = -m + 18. Let n = 41 + -29. Let o be i(n). Determine y(o).
6
Let x(o) = -o**2 + o + 12. Let i(w) = -w**2 + 11 + 0*w**2 + 0. Let f be ((-5)/2)/((-11)/(-22)). Let p(g) = f*x(g) + 6*i(g). Give p(-5).
6
Let l(h) = -h**2 + 4*h - 1. Let y(f) = 2*f + 7. Let k(t) = 2*t + 7. Let m(q) = 5*k(q) - 6*y(q). Let r be m(-11). Suppose 0 = -4*p + p + r. Give l(p).
-6
Let v(w) be the second derivative of -w**3/6 - 3*w**2/2 - 3*w. Calculate v(0).
-3
Let s(k) = k**2 - 10*k - 4*k**3 + 9*k + 5*k**3 + 4*k**2 - 6. What is s(-5)?
-1
Suppose 2*p + 27 = 3*b - 2*p, 5*p + 25 = 2*b. Let q(g) = 0 - 1 - g + 2. What is q(b)?
-4
Suppose -2*u = 3*o - 37, -3*o - 4 - 1 = -u. Suppose -2*w = -k - 7, 2*w = 5*k - 2 + 45. Let t = k + u. Let l(g) = -2*g + 5. Determine l(t).
-5
Let f(d) = -2*d - 7. Let b(t) = t + 3. Let x(i) = 5*b(i) + 2*f(i). Determine x(6).
7
Let c(d) = -d**3 + d**2 + d. Let q(i) = -2*i + 2*i**3 + i + i**2 - 4*i**2. Let b(o) = -7*c(o) - 3*q(o). Suppose 3*v + 12 = -v. Determine b(v).
3
Let j = 79 + -73. Let b(n) = n**3 - 8*n**2 + 7*n + 3. Calculate b(j).
-27
Let g(t) be the second derivative of t**3/6 - 7*t**2 - 31*t. Give g(6).
-8
Let s(d) = -d**3 + 6*d**2 - 6. Suppose 0 = 3*y + 1 - 19. Calculate s(y).
-6
Let q(b) = -2*b + 3. Suppose 2*y + 5 = 3*y. Let x be 25/y + (-3 - -1). Give q(x).
-3
Let s(x) = -6 - 2*x + 3*x + 10 + 1. Calculate s(-10).
-5
Let d = -11 - -16. Let t = -7 + d. Let m(y) be the third derivative of -y**5/60 - y**4/12 + 2*y**2. Give m(t).
0
Suppose -4*c - c = 15. Let n = c + 4. Let i(y) = 2*y**2 + y - 1. Calculate i(n).
2
Let r(u) = u**3 - 2*u**2 - u. Let p be r(3). Let y(d) = -d**3 + 5*d**2 + 6*d - 2. Give y(p).
-2
Let j(i) be the third derivative of -i**6/20 + i**5/30 - i**3/6 + 2*i**2. Let k = -16 + 15. Determine j(k).
7
Let t = -4 + 2. Let h(w) be the first derivative of w**4/4 + w**3/3 - w**2 - 3*w - 95. What is h(t)?
-3
Let a be 472/(-118) - (2 + -10)*1. Let u(w) = 7*w**3 - 8*w**2 - 9. Let p(d) = -4*d**3 + 4*d**2 + 5. Let j(q) = 5*p(q) + 3*u(q). What is j(a)?
-2
Let r(z) = -2*z**2 + 19*z - 1. Let y(a) = -a**2 + 10*a. Let p(h) = -6*r(h) + 11*y(h). Let o be p(4). Let d(b) = -b**2 + 8*b - 4. What is d(o)?
8
Let n(q) = -q**2 + q + 10 + 5*q - 15 + q. What is n(6)?
1
Let n(t) be the third derivative of 1/24*t**4 + 0 - 4/3*t**3 + 2*t**2 + 0*t. What is n(0)?
-8
Let m(f) be the first derivative of -f**4/4 + f**3 + f**2 + f + 13. What is m(3)?
7
Let z = 165 + -164. Let j(k) = -k. Determine j(z).
-1
Suppose -18 = 2*q + 4*u, 5*u = 5*q + 2*u - 20. Let v(g) be the first derivative of g**3 - g**2/2 + 1. What is v(q)?
2
Let r be -2*(-2)/(-4)*18. Let f be (-29)/9 + (-4)/r. Let u = f + 0. Let v(w) = -w**3 - w**2 + 5*w + 4. Give v(u).
7
Let t be (-8)/36 + 312/(-54). Let g(z) = -z**2 - 5*z + 3. Calculate g(t).
-3
Suppose 4 = -3*r + 22. Let m(c) = 0*c + c**2 - 2*c + 5 - 2*c - r. Let k be (-27)/(-5) + 8/(-20). Calculate m(k).
4
Let k(j) = j**3 - 9*j**2 - 11*j + 13. Let s be k(10). Let y(o) = -o**3 + 2*o**2 + 4*o - 1. Determine y(s).
2
Let c(t) be the first derivative of 0*t - 1/120*t**6 - 1/60*t**5 - 1/2*t**2 - 5/3*t**3 + 0*t**4 - 2. Let j(a) be the second derivative of c(a). Determine j(0).
-10
Let s = -9 + 15. Let w(r) = 5*r**2 - 8*r - 1. Let h(a) = -11*a**2 + 16*a + 1. Let i(m) = 4*h(m) + 9*w(m). Give i(s).
-17
Let c = -12 + 19. Let m(r) = -2*r - 1 - 1 + 3*r. Let s be m(c). Let y(q) = 2*q - 3. Calculate y(s).
7
Let i(x) be the second derivative of